{"id":2,"date":"2021-03-08T12:37:33","date_gmt":"2021-03-08T11:37:33","guid":{"rendered":"http:\/\/granier-batiment.fr\/?page_id=2"},"modified":"2021-03-09T18:58:14","modified_gmt":"2021-03-09T17:58:14","slug":"page-d-exemple","status":"publish","type":"page","link":"https:\/\/granier-batiment.fr\/index.php\/page-d-exemple\/","title":{"rendered":"GRANIER BATIMENT"},"content":{"rendered":"\n<p>Entreprise g\u00e9n\u00e9rale de b\u00e2timent constructions , r\u00e9novations , monuments historiques, maison individuelle, assainissement, am\u00e9nagements, carrelage, Fa\u00e7ades<\/p>\n\n\n\n<figure class=\"wp-block-gallery columns-3 is-cropped wp-block-gallery-1 is-layout-flex wp-block-gallery-is-layout-flex\"><ul class=\"blocks-gallery-grid\"><li class=\"blocks-gallery-item\"><figure><img loading=\"lazy\" decoding=\"async\" width=\"960\" height=\"720\" src=\"https:\/\/granier-batiment.fr\/wp-content\/uploads\/2021\/03\/14956658_1754392481480120_1325500139218430743_n.jpg\" alt=\"IMS\" data-id=\"99\" data-full-url=\"https:\/\/granier-batiment.fr\/wp-content\/uploads\/2021\/03\/14956658_1754392481480120_1325500139218430743_n.jpg\" data-link=\"https:\/\/granier-batiment.fr\/index.php\/blog\/14956658_1754392481480120_1325500139218430743_n\/\" class=\"wp-image-99\" srcset=\"https:\/\/granier-batiment.fr\/wp-content\/uploads\/2021\/03\/14956658_1754392481480120_1325500139218430743_n.jpg 960w, https:\/\/granier-batiment.fr\/wp-content\/uploads\/2021\/03\/14956658_1754392481480120_1325500139218430743_n-300x225.jpg 300w, https:\/\/granier-batiment.fr\/wp-content\/uploads\/2021\/03\/14956658_1754392481480120_1325500139218430743_n-768x576.jpg 768w\" sizes=\"auto, (max-width: 767px) 89vw, (max-width: 1000px) 54vw, (max-width: 1071px) 543px, 580px\" \/><\/figure><\/li><li class=\"blocks-gallery-item\"><figure><img loading=\"lazy\" decoding=\"async\" width=\"1024\" height=\"475\" src=\"https:\/\/granier-batiment.fr\/wp-content\/uploads\/2021\/03\/10498333_1443423779243660_2687766535178644135_o-1024x475.jpg\" alt=\"GRANIER\" data-id=\"89\" data-full-url=\"https:\/\/granier-batiment.fr\/wp-content\/uploads\/2021\/03\/10498333_1443423779243660_2687766535178644135_o.jpg\" data-link=\"https:\/\/granier-batiment.fr\/10498333_1443423779243660_2687766535178644135_o\/\" class=\"wp-image-89\" srcset=\"https:\/\/granier-batiment.fr\/wp-content\/uploads\/2021\/03\/10498333_1443423779243660_2687766535178644135_o-1024x475.jpg 1024w, https:\/\/granier-batiment.fr\/wp-content\/uploads\/2021\/03\/10498333_1443423779243660_2687766535178644135_o-300x139.jpg 300w, https:\/\/granier-batiment.fr\/wp-content\/uploads\/2021\/03\/10498333_1443423779243660_2687766535178644135_o-768x356.jpg 768w, https:\/\/granier-batiment.fr\/wp-content\/uploads\/2021\/03\/10498333_1443423779243660_2687766535178644135_o.jpg 1378w\" sizes=\"auto, (max-width: 767px) 89vw, (max-width: 1000px) 54vw, (max-width: 1071px) 543px, 580px\" \/><\/figure><\/li><li class=\"blocks-gallery-item\"><figure><img loading=\"lazy\" decoding=\"async\" width=\"960\" height=\"720\" src=\"https:\/\/granier-batiment.fr\/wp-content\/uploads\/2021\/03\/79095750_2386703654915663_7624247822975500288_n.jpg\" alt=\"\" data-id=\"52\" data-full-url=\"https:\/\/granier-batiment.fr\/wp-content\/uploads\/2021\/03\/79095750_2386703654915663_7624247822975500288_n.jpg\" data-link=\"https:\/\/granier-batiment.fr\/index.php\/a-propos-de\/79095750_2386703654915663_7624247822975500288_n\/\" class=\"wp-image-52\" srcset=\"https:\/\/granier-batiment.fr\/wp-content\/uploads\/2021\/03\/79095750_2386703654915663_7624247822975500288_n.jpg 960w, https:\/\/granier-batiment.fr\/wp-content\/uploads\/2021\/03\/79095750_2386703654915663_7624247822975500288_n-300x225.jpg 300w, https:\/\/granier-batiment.fr\/wp-content\/uploads\/2021\/03\/79095750_2386703654915663_7624247822975500288_n-768x576.jpg 768w\" sizes=\"auto, (max-width: 767px) 89vw, (max-width: 1000px) 54vw, (max-width: 1071px) 543px, 580px\" \/><\/figure><\/li><li class=\"blocks-gallery-item\"><figure><img loading=\"lazy\" decoding=\"async\" width=\"960\" height=\"720\" src=\"https:\/\/granier-batiment.fr\/wp-content\/uploads\/2021\/03\/90039847_2478463572406337_8072173655947214848_n.jpg\" alt=\"GRANIER\" data-id=\"41\" data-full-url=\"https:\/\/granier-batiment.fr\/wp-content\/uploads\/2021\/03\/90039847_2478463572406337_8072173655947214848_n.jpg\" data-link=\"https:\/\/granier-batiment.fr\/90039847_2478463572406337_8072173655947214848_n\/\" class=\"wp-image-41\" srcset=\"https:\/\/granier-batiment.fr\/wp-content\/uploads\/2021\/03\/90039847_2478463572406337_8072173655947214848_n.jpg 960w, https:\/\/granier-batiment.fr\/wp-content\/uploads\/2021\/03\/90039847_2478463572406337_8072173655947214848_n-300x225.jpg 300w, https:\/\/granier-batiment.fr\/wp-content\/uploads\/2021\/03\/90039847_2478463572406337_8072173655947214848_n-768x576.jpg 768w\" sizes=\"auto, (max-width: 767px) 89vw, (max-width: 1000px) 54vw, (max-width: 1071px) 543px, 580px\" \/><\/figure><\/li><li class=\"blocks-gallery-item\"><figure><img loading=\"lazy\" decoding=\"async\" width=\"1024\" height=\"576\" src=\"https:\/\/granier-batiment.fr\/wp-content\/uploads\/2021\/03\/157032375-1024x576.jpg\" alt=\"\" data-id=\"40\" data-full-url=\"https:\/\/granier-batiment.fr\/wp-content\/uploads\/2021\/03\/157032375.jpg\" data-link=\"https:\/\/granier-batiment.fr\/index.php\/contact\/attachment\/157032375\/\" class=\"wp-image-40\" srcset=\"https:\/\/granier-batiment.fr\/wp-content\/uploads\/2021\/03\/157032375-1024x576.jpg 1024w, https:\/\/granier-batiment.fr\/wp-content\/uploads\/2021\/03\/157032375-300x169.jpg 300w, https:\/\/granier-batiment.fr\/wp-content\/uploads\/2021\/03\/157032375-768x432.jpg 768w, https:\/\/granier-batiment.fr\/wp-content\/uploads\/2021\/03\/157032375.jpg 1280w\" sizes=\"auto, (max-width: 767px) 89vw, (max-width: 1000px) 54vw, (max-width: 1071px) 543px, 580px\" \/><\/figure><\/li><li class=\"blocks-gallery-item\"><figure><img loading=\"lazy\" decoding=\"async\" width=\"960\" height=\"720\" src=\"https:\/\/granier-batiment.fr\/wp-content\/uploads\/2021\/03\/153948138.jpg\" alt=\"GRANIER\" data-id=\"39\" data-full-url=\"https:\/\/granier-batiment.fr\/wp-content\/uploads\/2021\/03\/153948138.jpg\" data-link=\"https:\/\/granier-batiment.fr\/index.php\/une-section-de-page-daccueil\/attachment\/153948138\/\" class=\"wp-image-39\" srcset=\"https:\/\/granier-batiment.fr\/wp-content\/uploads\/2021\/03\/153948138.jpg 960w, https:\/\/granier-batiment.fr\/wp-content\/uploads\/2021\/03\/153948138-300x225.jpg 300w, https:\/\/granier-batiment.fr\/wp-content\/uploads\/2021\/03\/153948138-768x576.jpg 768w\" sizes=\"auto, (max-width: 767px) 89vw, (max-width: 1000px) 54vw, (max-width: 1071px) 543px, 580px\" \/><\/figure><\/li><li class=\"blocks-gallery-item\"><figure><img loading=\"lazy\" decoding=\"async\" width=\"960\" height=\"720\" src=\"https:\/\/granier-batiment.fr\/wp-content\/uploads\/2021\/03\/131903140.jpg\" alt=\"GRANIER\" data-id=\"15\" data-full-url=\"https:\/\/granier-batiment.fr\/wp-content\/uploads\/2021\/03\/131903140.jpg\" data-link=\"https:\/\/granier-batiment.fr\/131903140\/\" class=\"wp-image-15\" srcset=\"https:\/\/granier-batiment.fr\/wp-content\/uploads\/2021\/03\/131903140.jpg 960w, https:\/\/granier-batiment.fr\/wp-content\/uploads\/2021\/03\/131903140-300x225.jpg 300w, https:\/\/granier-batiment.fr\/wp-content\/uploads\/2021\/03\/131903140-768x576.jpg 768w\" sizes=\"auto, (max-width: 767px) 89vw, (max-width: 1000px) 54vw, (max-width: 1071px) 543px, 580px\" \/><\/figure><\/li><\/ul><\/figure>\n\n\n\n<figure class=\"wp-block-image size-large\"><img loading=\"lazy\" decoding=\"async\" width=\"842\" height=\"283\" src=\"https:\/\/granier-batiment.fr\/wp-content\/uploads\/2021\/03\/LOGO.png\" alt=\"\" class=\"wp-image-92\" srcset=\"https:\/\/granier-batiment.fr\/wp-content\/uploads\/2021\/03\/LOGO.png 842w, https:\/\/granier-batiment.fr\/wp-content\/uploads\/2021\/03\/LOGO-300x101.png 300w, https:\/\/granier-batiment.fr\/wp-content\/uploads\/2021\/03\/LOGO-768x258.png 768w\" sizes=\"auto, (max-width: 767px) 89vw, (max-width: 1000px) 54vw, (max-width: 1071px) 543px, 580px\" \/><\/figure>\n","protected":false},"excerpt":{"rendered":"<p>Entreprise g\u00e9n\u00e9rale de b\u00e2timent constructions , r\u00e9novations , monuments historiques, maison individuelle, assainissement, am\u00e9nagements, carrelage, Fa\u00e7ades<\/p>\n","protected":false},"author":1,"featured_media":0,"parent":0,"menu_order":0,"comment_status":"closed","ping_status":"open","template":"","meta":{"footnotes":""},"class_list":["post-2","page","type-page","status-publish","hentry"],"yoast_head":"<!-- This site is optimized with the Yoast SEO plugin v26.8 - https:\/\/yoast.com\/product\/yoast-seo-wordpress\/ -->\n<title>GRANIER BATIMENT - GRANIER BATIMENT<\/title>\n<meta name=\"robots\" content=\"index, follow, max-snippet:-1, max-image-preview:large, max-video-preview:-1\" \/>\n<link rel=\"canonical\" href=\"https:\/\/granier-batiment.fr\/index.php\/page-d-exemple\/\" \/>\n<meta property=\"og:locale\" content=\"fr_FR\" \/>\n<meta property=\"og:type\" content=\"article\" \/>\n<meta property=\"og:title\" content=\"GRANIER BATIMENT - GRANIER BATIMENT\" \/>\n<meta property=\"og:description\" content=\"Entreprise g\u00e9n\u00e9rale de b\u00e2timent constructions , r\u00e9novations , monuments historiques, maison individuelle, assainissement, am\u00e9nagements, carrelage, Fa\u00e7ades\" \/>\n<meta property=\"og:url\" content=\"https:\/\/granier-batiment.fr\/index.php\/page-d-exemple\/\" \/>\n<meta property=\"og:site_name\" content=\"GRANIER BATIMENT\" \/>\n<meta property=\"article:publisher\" content=\"https:\/\/www.facebook.com\/granierbatiment\" \/>\n<meta property=\"article:modified_time\" content=\"2021-03-09T17:58:14+00:00\" \/>\n<meta property=\"og:image\" content=\"https:\/\/granier-batiment.fr\/wp-content\/uploads\/2021\/03\/14956658_1754392481480120_1325500139218430743_n.jpg\" \/>\n<meta name=\"twitter:card\" content=\"summary_large_image\" \/>\n<script type=\"application\/ld+json\" class=\"yoast-schema-graph\">{\"@context\":\"https:\/\/schema.org\",\"@graph\":[{\"@type\":\"WebPage\",\"@id\":\"https:\/\/granier-batiment.fr\/index.php\/page-d-exemple\/\",\"url\":\"https:\/\/granier-batiment.fr\/index.php\/page-d-exemple\/\",\"name\":\"GRANIER BATIMENT - GRANIER BATIMENT\",\"isPartOf\":{\"@id\":\"https:\/\/granier-batiment.fr\/#website\"},\"primaryImageOfPage\":{\"@id\":\"https:\/\/granier-batiment.fr\/index.php\/page-d-exemple\/#primaryimage\"},\"image\":{\"@id\":\"https:\/\/granier-batiment.fr\/index.php\/page-d-exemple\/#primaryimage\"},\"thumbnailUrl\":\"https:\/\/granier-batiment.fr\/wp-content\/uploads\/2021\/03\/14956658_1754392481480120_1325500139218430743_n.jpg\",\"datePublished\":\"2021-03-08T11:37:33+00:00\",\"dateModified\":\"2021-03-09T17:58:14+00:00\",\"breadcrumb\":{\"@id\":\"https:\/\/granier-batiment.fr\/index.php\/page-d-exemple\/#breadcrumb\"},\"inLanguage\":\"fr-FR\",\"potentialAction\":[{\"@type\":\"ReadAction\",\"target\":[\"https:\/\/granier-batiment.fr\/index.php\/page-d-exemple\/\"]}]},{\"@type\":\"ImageObject\",\"inLanguage\":\"fr-FR\",\"@id\":\"https:\/\/granier-batiment.fr\/index.php\/page-d-exemple\/#primaryimage\",\"url\":\"https:\/\/granier-batiment.fr\/wp-content\/uploads\/2021\/03\/14956658_1754392481480120_1325500139218430743_n.jpg\",\"contentUrl\":\"https:\/\/granier-batiment.fr\/wp-content\/uploads\/2021\/03\/14956658_1754392481480120_1325500139218430743_n.jpg\",\"width\":960,\"height\":720,\"caption\":\"IMS\"},{\"@type\":\"BreadcrumbList\",\"@id\":\"https:\/\/granier-batiment.fr\/index.php\/page-d-exemple\/#breadcrumb\",\"itemListElement\":[{\"@type\":\"ListItem\",\"position\":1,\"name\":\"Accueil\",\"item\":\"https:\/\/granier-batiment.fr\/\"},{\"@type\":\"ListItem\",\"position\":2,\"name\":\"GRANIER BATIMENT\"}]},{\"@type\":\"WebSite\",\"@id\":\"https:\/\/granier-batiment.fr\/#website\",\"url\":\"https:\/\/granier-batiment.fr\/\",\"name\":\"GRANIER BATIMENT\",\"description\":\"NEUF &amp; RENOVATION\",\"publisher\":{\"@id\":\"https:\/\/granier-batiment.fr\/#organization\"},\"potentialAction\":[{\"@type\":\"SearchAction\",\"target\":{\"@type\":\"EntryPoint\",\"urlTemplate\":\"https:\/\/granier-batiment.fr\/?s={search_term_string}\"},\"query-input\":{\"@type\":\"PropertyValueSpecification\",\"valueRequired\":true,\"valueName\":\"search_term_string\"}}],\"inLanguage\":\"fr-FR\"},{\"@type\":\"Organization\",\"@id\":\"https:\/\/granier-batiment.fr\/#organization\",\"name\":\"GRANIER BATIMENT\",\"url\":\"https:\/\/granier-batiment.fr\/\",\"logo\":{\"@type\":\"ImageObject\",\"inLanguage\":\"fr-FR\",\"@id\":\"https:\/\/granier-batiment.fr\/#\/schema\/logo\/image\/\",\"url\":\"https:\/\/granier-batiment.fr\/wp-content\/uploads\/2021\/03\/cropped-LOGO.png\",\"contentUrl\":\"https:\/\/granier-batiment.fr\/wp-content\/uploads\/2021\/03\/cropped-LOGO.png\",\"width\":743,\"height\":250,\"caption\":\"GRANIER BATIMENT\"},\"image\":{\"@id\":\"https:\/\/granier-batiment.fr\/#\/schema\/logo\/image\/\"},\"sameAs\":[\"https:\/\/www.facebook.com\/granierbatiment\"]}]}<\/script>\n<!-- \/ Yoast SEO plugin. -->","yoast_head_json":{"title":"GRANIER BATIMENT - GRANIER BATIMENT","robots":{"index":"index","follow":"follow","max-snippet":"max-snippet:-1","max-image-preview":"max-image-preview:large","max-video-preview":"max-video-preview:-1"},"canonical":"https:\/\/granier-batiment.fr\/index.php\/page-d-exemple\/","og_locale":"fr_FR","og_type":"article","og_title":"GRANIER BATIMENT - GRANIER BATIMENT","og_description":"Entreprise g\u00e9n\u00e9rale de b\u00e2timent constructions , r\u00e9novations , monuments historiques, maison individuelle, assainissement, am\u00e9nagements, carrelage, Fa\u00e7ades","og_url":"https:\/\/granier-batiment.fr\/index.php\/page-d-exemple\/","og_site_name":"GRANIER BATIMENT","article_publisher":"https:\/\/www.facebook.com\/granierbatiment","article_modified_time":"2021-03-09T17:58:14+00:00","og_image":[{"url":"https:\/\/granier-batiment.fr\/wp-content\/uploads\/2021\/03\/14956658_1754392481480120_1325500139218430743_n.jpg","type":"","width":"","height":""}],"twitter_card":"summary_large_image","schema":{"@context":"https:\/\/schema.org","@graph":[{"@type":"WebPage","@id":"https:\/\/granier-batiment.fr\/index.php\/page-d-exemple\/","url":"https:\/\/granier-batiment.fr\/index.php\/page-d-exemple\/","name":"GRANIER BATIMENT - GRANIER BATIMENT","isPartOf":{"@id":"https:\/\/granier-batiment.fr\/#website"},"primaryImageOfPage":{"@id":"https:\/\/granier-batiment.fr\/index.php\/page-d-exemple\/#primaryimage"},"image":{"@id":"https:\/\/granier-batiment.fr\/index.php\/page-d-exemple\/#primaryimage"},"thumbnailUrl":"https:\/\/granier-batiment.fr\/wp-content\/uploads\/2021\/03\/14956658_1754392481480120_1325500139218430743_n.jpg","datePublished":"2021-03-08T11:37:33+00:00","dateModified":"2021-03-09T17:58:14+00:00","breadcrumb":{"@id":"https:\/\/granier-batiment.fr\/index.php\/page-d-exemple\/#breadcrumb"},"inLanguage":"fr-FR","potentialAction":[{"@type":"ReadAction","target":["https:\/\/granier-batiment.fr\/index.php\/page-d-exemple\/"]}]},{"@type":"ImageObject","inLanguage":"fr-FR","@id":"https:\/\/granier-batiment.fr\/index.php\/page-d-exemple\/#primaryimage","url":"https:\/\/granier-batiment.fr\/wp-content\/uploads\/2021\/03\/14956658_1754392481480120_1325500139218430743_n.jpg","contentUrl":"https:\/\/granier-batiment.fr\/wp-content\/uploads\/2021\/03\/14956658_1754392481480120_1325500139218430743_n.jpg","width":960,"height":720,"caption":"IMS"},{"@type":"BreadcrumbList","@id":"https:\/\/granier-batiment.fr\/index.php\/page-d-exemple\/#breadcrumb","itemListElement":[{"@type":"ListItem","position":1,"name":"Accueil","item":"https:\/\/granier-batiment.fr\/"},{"@type":"ListItem","position":2,"name":"GRANIER BATIMENT"}]},{"@type":"WebSite","@id":"https:\/\/granier-batiment.fr\/#website","url":"https:\/\/granier-batiment.fr\/","name":"GRANIER BATIMENT","description":"NEUF &amp; RENOVATION","publisher":{"@id":"https:\/\/granier-batiment.fr\/#organization"},"potentialAction":[{"@type":"SearchAction","target":{"@type":"EntryPoint","urlTemplate":"https:\/\/granier-batiment.fr\/?s={search_term_string}"},"query-input":{"@type":"PropertyValueSpecification","valueRequired":true,"valueName":"search_term_string"}}],"inLanguage":"fr-FR"},{"@type":"Organization","@id":"https:\/\/granier-batiment.fr\/#organization","name":"GRANIER BATIMENT","url":"https:\/\/granier-batiment.fr\/","logo":{"@type":"ImageObject","inLanguage":"fr-FR","@id":"https:\/\/granier-batiment.fr\/#\/schema\/logo\/image\/","url":"https:\/\/granier-batiment.fr\/wp-content\/uploads\/2021\/03\/cropped-LOGO.png","contentUrl":"https:\/\/granier-batiment.fr\/wp-content\/uploads\/2021\/03\/cropped-LOGO.png","width":743,"height":250,"caption":"GRANIER BATIMENT"},"image":{"@id":"https:\/\/granier-batiment.fr\/#\/schema\/logo\/image\/"},"sameAs":["https:\/\/www.facebook.com\/granierbatiment"]}]}},"_links":{"self":[{"href":"https:\/\/granier-batiment.fr\/index.php\/wp-json\/wp\/v2\/pages\/2","targetHints":{"allow":["GET"]}}],"collection":[{"href":"https:\/\/granier-batiment.fr\/index.php\/wp-json\/wp\/v2\/pages"}],"about":[{"href":"https:\/\/granier-batiment.fr\/index.php\/wp-json\/wp\/v2\/types\/page"}],"author":[{"embeddable":true,"href":"https:\/\/granier-batiment.fr\/index.php\/wp-json\/wp\/v2\/users\/1"}],"replies":[{"embeddable":true,"href":"https:\/\/granier-batiment.fr\/index.php\/wp-json\/wp\/v2\/comments?post=2"}],"version-history":[{"count":3,"href":"https:\/\/granier-batiment.fr\/index.php\/wp-json\/wp\/v2\/pages\/2\/revisions"}],"predecessor-version":[{"id":101,"href":"https:\/\/granier-batiment.fr\/index.php\/wp-json\/wp\/v2\/pages\/2\/revisions\/101"}],"wp:attachment":[{"href":"https:\/\/granier-batiment.fr\/index.php\/wp-json\/wp\/v2\/media?parent=2"}],"curies":[{"name":"wp","href":"https:\/\/api.w.org\/{rel}","templated":true}]}}